2
What is -21 - -20 - (2 + 0) - 3 - -1?
-5
What is the value of -13 - (12 - 12 - 24)?
11
-15 + -20 + 82 + -25
22
What is (-28 - (-12 - 4)) + 7?
-5
Calculate -7 - (-6 - 13 - (-3 - -2)).
11
Evaluate -7 + -6 - -2 - -16.
5
What is the value of (-4 - -41 - 1) + (8 - (18 + -7))?
33
What is the value of -8 - (-7 - 6) - 11?
-6
What is 2 + (-2 - 3) + (12 - 18) + 7?
-2
10 - (5 + 3 + 7 + -27)
22
Calculate (13 - 0) + -2 + (-19 - -11 - -14).
17
Calculate -5 - (17 - (6 + 25)).
9
0 + -18 - (1464 + -1470)
-12
Calculate 5 + (-7 - 17) + -2.
-21
Evaluate (-5 - (-9 - -33)) + 16.
-13
(-11 - -20) + (-2 - 21)
-14
0 + (-4 - -4) + (-5 - 4 - -16)
7
Calculate 37 + 28 + -117 - -24.
-28
Evaluate 22 + (-45 - (5 + -53)).
25
Calculate 1 + 14 + -3 - (0 - -18) - 31.
-37
Evaluate (-7 - (-35 - -7)) + -7 + -3.
11
Calculate 15 - -4 - (-3 + (4 - 17)).
35
What is (-13 - -7) + 55 - (53 - 40)?
36
What is the value of 9 + 14 + -39 - -6?
-10
What is (14 + -21 - -25 - 15) + 17?
20
What is the value of -2 + 3 + (-47 - -32)?
-14
Evaluate -20 - (3 - (24 + -21)).
-20
What is the value of -8 - (1 + (5 - 14))?
0
(-116 - -110) + -3 + -6 + 2
-13
What is the value of -20 + (16 - 11 - -41)?
26
What is the value of (22 - (29 + -8 + -9)) + -2?
8
Calculate -16 - (-15 + 10 + -19).
8
What is -13 - (-3 - 1) - -4?
-5
What is -4 + 2 + (-9 - 0) + (15 - 17)?
-13
Calculate 5 + -6 + 1 - (17 - (11 - -17)).
11
Calculate 2 - -1 - 7 - (11 + (-9 - -3)).
-9
What is the value of 81 + -65 - (-2 + 34)?
-16
(16 - 5) + -34 + 18
-5
What is the value of -2 - (-1 - -11 - (22 + -18)) - -13?
5
Evaluate 1 + -26 + -274 + 289.
-10
What is the value of -6 - -13 - ((15 - 17) + 2 + 1)?
6
18 - (8 - -5) - (-12 + 3)
14
Evaluate 0 - (-1 + (-8 - 5)).
14
What is the value of -9 - (13 - (-6 + 17 + -9))?
-20
Evaluate 18 - (44 + -17 + 1).
-10
What is -20 + 13 + 3 + (-3 - -7)?
0
18 - (1 + 1) - (2 - -5)
9
32 + 46 + -32 + -17
29
What is the value of -11 - (4 - 12) - 12 - -5?
-10
What is -3 + 7 + -7 + 9 + -8 + 2?
0
What is the value of (-34 - -8) + (-58 - -58)?
-26
-8 - (1 - (-8 - (-5 + -22)))
10
What is the value of 41 + -25 + 8 - 10?
14
Calculate -4 + 14 + -4 + (-11 - -3) + 16.
14
What is -7 + (-29 - -25) + 28?
17
What is (-14 - -11) + 18 + -9 + 1 + -8?
-1
What is the value of -12 + (-7 - -7) + -2 + 20 + -6?
0
Calculate 30 + -36 + (0 - -4) + -7.
-9
Calculate -7 - ((-4 - -3) + (3 - (1 - -5))).
-3
Calculate 2 + 1 + (10 + -28 - -7) - -24.
16
Calculate 0 + 3 + 0 + -18 + 9.
-6
(15 - (51 - 4)) + 46
14
What is the value of -14 + 1 + (262 - 237)?
12
Calculate 0 + -1 + (-23 - -35).
11
What is the value of -9 + 19 + -9 + 14?
15
Calculate 2 + -6 - ((-43 - -33) + 21) - -8.
-7
Evaluate (41 - 29) + 1 + -3 + -8 + 3.
5
Evaluate (2 - 0) + 10 - 35.
-23
Calculate (-22 - -29 - -17) + -22.
2
What is -14 + (-14 - (-7 + -5 - -8))?
-24
What is the value of 0 - ((-11 - -10) + -1 + 4)?
-2
What is the value of -9 + 3 + 0 - (171 + -172)?
-5
Evaluate (35 - (-2 + 6 - 2)) + -10.
23
Evaluate 0 + -17 + 39 + -1 + 0 + -6.
15
What is the value of -14 - (7 + (-5 - 5))?
-11
8 + (-8 - (-3 - (-7 - -9)) - -5)
10
What is -21 - (-9 + 13 + (-8 - 4))?
-13
5 - (8 - (-30 - -21))
-12
Evaluate 1 + 0 + (-4 + 8 - -1) + -12.
-6
What is the value of -6 + (4 - (-8 + 16)) + -6 + 8?
-8
8 - (5 + (6 + 2 - (-34 + 62)))
23
(1 - 2) + 5 + (-16 - -26) + -14
0
Calculate -8 + (-18 - -14) + (1 - -4).
-7
What is 7 - (6 + 3 + -9 + 2)?
5
-7 + 4 + 13 - 22
-12
What is 3 - (-1 + -22) - 37?
-11
What is 5 + 14 + -13 + -25 + -4?
-23
Calculate (-21 - -10 - 3) + 7.
-7
Calculate -13 + -1 + (-10 - -18).
-6
Calculate 0 + (-1 - (3 - 8)) + 1 + -2.
3
What is 2 - ((-4 - -5) + 7 - 11 - -8)?
-3
What is the value of 6 + 2 + -1 + 1 + -7?
1
0 - (2 - 0) - (6 + -6)
-2
Calculate -11 - ((15 + -9 - 28) + -5).
16
Calculate (1 - 1) + 6 + -21 + 7.
-8
What is 2 + 46 - (-262 + 311)?
-1
What is -2 + -12 + 29 + (-1 - 4)?
10
Evaluate -3 + -3 + (44 - 55).
-17
Calculate 6 + (-14 - (12 + -7 - 6)) + -1.
-8
What is 5 + (25 - 9) + -14?
7
Calculate 34 + 1 + (152 - 174).
13
What is (-1 - (2 + -4)) + (-288 - -289) - -36?
38
What is (30 - 111) + 90 + (-8 - (1 + -2))?
2
Evaluate -10 + ((1 - 0) + -5 - (9 + -21)).
-2
Evaluate 1024 + -1014 + (1 - -1 - -3).
15
Calculate 4 + 20 - (-21 - -39).
6
(-18 - -2) + (26 - 20) + 6 + -17
-21
Evaluate -28 + 34 + -2 + -1 + -5.
-2
Evaluate 6 - (-4 - 2) - 3.
9
What is 8 - (2 + -3 + 3 + 7)?
-1
-7 + (-6 - -6) - (-22 + 6)
9
What is -11 + -19 + 9 - (1 + -9)?
-13
Evaluate 4 - (-8 - (3 + -4)) - 6.
5
Evaluate -11 - 3 - (23 + -28) - (-1 - 21).
13
Calculate -6206 + 6178 + (-1 - -6 - 1).
-24
What is the value of -22 + 8 - -13 - 4?
-5
What is -55 + 47 + (-26 - -7)?
-27
What is the value of 6 + 7 + (-14 - (-16 - -15))?
0
Calculate 14 - 8 - (-1 - (-8 + -4 + 12)).
7
Calculate -11 + 4 - 13 - -6.
-14
Calculate (-5 - (-26 - -11)) + 0 + -2.
8
What is the value of (-14 - ((-10 - -9) + -3)) + 4?
-6
What is (-14 + 19 - (5 + 8)) + 8?
0
What is -16 - (53 + -49 + -8 + -1)?
-11
What is 2 + (-17 - (-3 + 11 + -12))?
-11
What is the value of -9 - 0 - (6 - (11 + -16 + 13))?
-7
What is the value of (10 - 4) + -5 - (6 - 0)?
-5
What is -9 + 3 - (-18 - -15)?
-3
Evaluate (10 + (16 - 12) - -8) + -8.
14
Calculate 0 - 5 - (26 - 40).
9
Calculate (-11 + 12 - 4) + 1 + (-1 - 1).
-4
9 + -4 + (10 - 5)
10
What is 20 + (-12 - -18 - 19)?
7
4 - -6 - (2 - (4 + 1))
13
What is 310 - 347 - (-27 - -1)?
-11
Calculate 133 + -130 + (-4 - 8) + 4.
-5
What is the value of -7 - (1 + 0) - -11 - 0?
3
What is the value of -19 + (2 - -15) - -8?
6
-2 - (8 + 3 + 2 + -7 + -11)
3
What is -3 + (-6 - -3) + (-19 - -18)?
-7
What is the value of 8 + 3 + -1 + (3 + 2 - 5)?
10
What is the value of 180 + -178 + (5 - 1) + (-3 - -5)?
8
What is -29 + 32 + -17 + 11?
-3
What is the value of -6 + -18 + (2 - -1) + 27?
6
What is the value of 19 + (-15 - -20) - 8?
16
Calculate (1 - (-11 + 1 - (-40 + 57))) + 4.
32
Evaluate -3 - (3 + (-6 - -6)) - 3.
-9
What is 25 - -2 - (62 + -115 + 47)?
33
-6 - -11 - (29 - 19)
-5
Calculate -12 - (-15 + 18 + 8) - -3.
-20
What is 28 - (36 - 27) - 23?
-4
What is the value of (0 - -6) + (3 - 12) - -3?
0
What is the value of -16 + (-17 - -5) + 29?
1
What is -46 + 5 - (-3 - 25)?
-13
(-5 + -6 - 8) + -1 + -5
-25
Calculate 32 + (-23 - 2) + 0 + -21.
-14
What is the value of (9 + -5 - (4 - (-5 + 15))) + -4?
6
Evaluate -2 + (-9 - -12) + (-7 - -1) + -7.
-12
What is (-37 - (-5 + 2)) + (-21 + 1 - -28)?
-26
What is the value of (33 - -30) + -29 - 40?
-6
What is the value of -3 - ((-48 - -43) + (0 - 1 - -4))?
-1
Evaluate 12 + 2 - (2 + 13).
-1
Calculate 8 - (4 + -19 + 3).
20
-7 + (5 - (6 - (-1 - -3)))
-6
What is the value of -13 - ((-6 - -9) + -15) - -1?
0
Evaluate 2 + 14 - (-152 - -187).
-19
22 + (13 - 16) + -16
3
Calculate (14 - 7) + -3 + 1 + -1 + 9.
13
Calculate (60 - 14) + -41 - ((-4 - -2) + -7).
14
Evaluate (-11 - 1) + 1 + -5 + (-2 - -6).
-12
What is -9 + (9 - -9) + -14 + 0?
-5
What is (-5 - -1) + (9 - 5) + 6 - 19?
-13
What is (-137 + 119 - (-12 + 0)) + 1 + 34?
29
What is 1 + (0 - 1) + (64 - 63)?
1
What is (-97 - -106) + (0 - -3)?
12
What is the value of 16 - (14 - -21) - (3 + -57)?
35
29 - (-5 - -6) - (-2 - -10) - 3
17
Calculate (12 - 3) + 9 + 10 + -27.
1
What is the value of -39 - (7 + -27 - -6)?
-25
27 + (-12 + -1 - 1 - (102 + -108))
19
Evaluate -7 + 1 + 6 - 9.
-9
Calculate 123 + -125 - (0 + 7).
-9
Calculate -6 + (-7 - -16) + -2.
1
Calculate 116 - 122 - (15 + (-1 - 1)).
-19
-4 + -2 + (-51 - -56) + -3
-4
What is the value of -3 + (-8 - (-6 - -9) - (0 + -3))?
-11
What is -18 + 10 + 15 + 7 + -3?
11
Evaluate -1 + 25 - (-463 - -481).
6
-1 - (-7 - 1) - (34 - (9 + 28))
10
-26 + 4 + (182 - 180)
-20
What is the value of 7 - ((-1 - 8) + (45 - 45) - -7)?
9
-1 + -2 - (-1 - 4) - (-184 - -196)
-10
What is -43 + (3 - 0) + 22 + (-1 - 12)?
-31
Evaluate -2 + (-10 - (10 + -20 + 0 + 3)).
-5
-44 + 37 + -11 + 6
-12
Evaluate -2 - -6 - 2 - (3 + -1 + 6).
-6
What is the value of 38 + 22 + 13 + -53?
20
What is the value of -1 + 5 - (-70 + 76) - -1 - 8?
-9
What is (5 - 3 - (-3 + 1 + 3)) + 13?
14
What is 12 - (6 + -12 - 7 - (5 - 9))?
21
What is 39 + -42 - (0 - -7) - -5?
-5
9 + (3 + -2 + -12 - -2)
0
4 + -11 + 55 + -22
26
(7 - 1) + (-22 + 1 - -13) - -20
18
5 - (-14 - (18 + -49))
-12
2 + -3 + -18 - (12 - (6 + 9))
-16
Evaluate 1 + (-8 - 0) - (-1 + 14 + -40).
20
Evaluate (-1 - 0 - -2) + (-9 - 2) - -19.
9
What i